-4*x + 7*x - 5523 = i. Is x a prime number?
False
Let k = 29 - 24. Suppose 16 = -4*d, 0*u + 2*d = k*u + 7. Is -23*4/(u + -1) a composite number?
False
Let s(l) = -l**3 - 9*l**2 - 16*l + 43. Is s(-20) a composite number?
True
Let j(o) = -o - 5. Let w be j(-8). Suppose 5*b + 7*p - 15 = 2*p, -w*b + 11 = 2*p. Suppose 3*i = 5*d - 280, 260 = b*d + 2*i - i. Is d composite?
False
Let f be -36 - 1*0/(-1). Let a(y) = y**3 + y**2 - 38*y + 30. Let g be a(-7). Is (24/f)/(g/(-63)) a composite number?
True
Suppose 5*u - 3*k + 26236 = 0, -4*k + 21650 = -5*u - 4583. Let q = -3626 - u. Is q composite?
True
Let r(d) = 2098*d**2 + 5*d - 4. Let g be r(1). Suppose -5*z - g = -6*z. Is z composite?
False
Suppose 28 - 23 = o. Suppose -r - 2 = -0*r, o*r + 1831 = s. Is s a prime number?
False
Suppose -20980 = -k + a, -3*k - a - a = -62945. Is k a composite number?
False
Let c(l) = -2*l - 3. Let z be c(-7). Let o be 1/6 + z/6. Suppose 896 = o*j - 5*r, -4*j - 484 = 3*r - 2302. Is j composite?
True
Let b = -208 + 34. Let o = 621 + -370. Let w = o + b. Is w prime?
False
Suppose 5*z - 5*x - 160545 = 0, -27*z + 32*z + 4*x = 160509. Is z a composite number?
True
Let x = 4605 + -2368. Is x a composite number?
False
Let f = 8243 - 2104. Is f a composite number?
True
Suppose -5*l + i + 10 = 0, -2*i + 30 = 5*l + i. Suppose 0 = -d - 2*n + 28, 101 = 3*d + 2*d - l*n. Is d a composite number?
True
Suppose 0*k + k - 3 = 0, 2*w - 188 = 4*k. Let y be (-2)/9 - w/(-45). Is (-21)/y*(-820)/30 a composite number?
True
Let l = -132 + 251. Let c = l + -52. Is c a prime number?
True
Let p = -43 - -44. Is p/((-1)/(0 - -2)) + 543 prime?
True
Suppose -4*w - w = -2730. Let x = -311 + w. Suppose -x - 250 = -c. Is c a composite number?
True
Suppose -2968 = -3*v + 2*f + 26929, 4*v - 39858 = 5*f. Is v a composite number?
False
Let x = -1095 + 2023. Let z = x + -557. Is z a prime number?
False
Let u be (-8)/24 - 1943/3. Let x = u + 1837. Is x a composite number?
True
Suppose 28*l - 24*l = 4. Let a be (l - 0)/(5/85). Let u = 194 + a. Is u composite?
False
Let j be 59641/9 + (-4)/(-18). Suppose -2*q + 2*h = -j + 493, 4*h + 3055 = q. Is q prime?
False
Suppose -i = -4*d + 4275, -1072 = 6*d - 7*d - 3*i. Is d a prime number?
True
Let l(o) = o**3 - 23*o**2 + 22*o + 5. Let v be l(22). Suppose -772 = -2*z + v*y, 3*y + 1024 = 3*z - 143. Is z prime?
False
Let o(a) = -358*a - 29. Is o(-7) a composite number?
False
Suppose 0 = j - 3*j + 10. Let o be (-1 + 1 - -1)*j. Suppose -7*w = -o*w - 74. Is w composite?
False
Suppose 38 = 2*m - 2*c, 0 = -2*m + c + 49 - 15. Let t be (-6)/(-10) + (-9)/m. Suppose t = -5*w - 3*i + 389, 3*i = 3*w + 2*i - 239. Is w composite?
False
Let g = -39691 + 66230. Is g a prime number?
True
Let u be 24/14 + 2/7. Suppose -o + u*l - 29 - 63 = 0, 4*l = 5*o + 448. Let j = o - -171. Is j a composite number?
False
Let o(k) = 2800*k + 10. Let w be o(3). Suppose -15*g + 5*g + w = 0. Is g a composite number?
True
Suppose 306935 - 89931 = 4*y - t, -y + 54251 = -4*t. Is y prime?
True
Suppose 5*b + 206 = 576. Let q(c) = 73*c - b*c + c**2 + 31 - 2*c**2 + 24. Is q(0) a composite number?
True
Suppose 0 = -4*f - 0*d - 2*d + 26, -4*f + 3*d + 1 = 0. Suppose -2*b - v + 3*v + 772 = 0, f*b + 3*v = 1565. Is b composite?
False
Suppose 124947 = 18*x - 9*x. Is x composite?
False
Let z = 0 - -10. Suppose z = 5*f - 0. Is (0 - 111)/(-3) - f a prime number?
False
Let b be ((-75)/(-5))/(-3) + 2. Is 3748/12*(0 - 1)*b a prime number?
True
Suppose -3*i + 5*s + 497 = -4429, 8210 = 5*i - 2*s. Is i a prime number?
False
Let i be 24/(-32) - 11/(-4). Let x(z) = z**3 - z**2 + 2*z - 2. Let t be x(2). Suppose i*j + 1086 = t*j + 2*l, 249 = j - 4*l. Is j a composite number?
False
Is 717*(-590)/(-30) + (-6)/(-1) prime?
True
Suppose -3*i - 6*y + y + 11844 = 0, 3*i - 11868 = 3*y. Is i prime?
False
Suppose -17*u + 55697 = -100176. Is u composite?
True
Let w be 8/(-14) - (-17)/(119/(-150)). Let q = 109 + w. Is q prime?
False
Is (2/4)/(-4 - (-1426943)/356734) a composite number?
True
Suppose -3*u - 1516 + 9343 = 0. Is u composite?
False
Suppose -q + 9*q = 2224. Let g = 165 + q. Is g a composite number?
False
Let l be (-3)/((-9)/2 + 3). Let k be (-28)/(-7) - (l + 0). Suppose -f + 509 = -k*n + 4*n, 4*n - 5*f = 1053. Is n composite?
False
Suppose 9710 = 2*k + 4*m, -3*k + 3*m = -2*k - 4870. Is k a prime number?
True
Let w(y) = y**3 + 18*y**2 + 13*y - 3. Is w(-13) prime?
True
Let t be (1 + 3 - -2)/((-48)/(-87200)). Is -3 - (-13)/(65/t) a prime number?
False
Let n(f) = 65*f + 26. Let c(g) = 22*g + 9. Let x(u) = 7*c(u) - 2*n(u). Is x(7) composite?
False
Let b = 6 + -3. Suppose -35*y + 24*y = 33. Is 260*(-2 + b) + y prime?
True
Suppose -7*t = -95416 + 33123. Is t a prime number?
False
Suppose 3*d + 1242 = 5*d. Suppose 4*s - d = 879. Suppose 5*b + 296 = j, -3*b + s = 3*j - 495. Is j composite?
True
Suppose -4*d - j + 8 = 0, 0 = -3*d + 3*j + 8 + 13. Suppose -d*o + r = -112, 2*o - 6*o = -r - 151. Is o a composite number?
True
Let z(y) = y**3 + y**2 + y - 4. Let l be z(0). Is 0/(-1) - (l - 481) a composite number?
True
Suppose 0 = -7*j - 2266 - 1066. Let w = 730 + j. Is w a prime number?
False
Is (-146604)/(-42) - 3/(-7)*1 prime?
True
Let s(v) = -2*v + 2. Let z be s(-1). Suppose -z*m + 1578 = -2*m + w, -3*m + 2*w + 2353 = 0. Is m prime?
True
Let z = 1898 + -2747. Is 4*(1 + z/(-12)) a composite number?
True
Let d be 0 - 3 - 3/(-1). Suppose -623 = -h - d*h + 5*i, 623 = h - 4*i. Is h composite?
True
Suppose -3*k + 1582 = -5*r, r = -4*k - 2*r + 2148. Let c = 913 - k. Is c prime?
True
Suppose 4 - 10 = 3*z, 0 = 6*y - 2*z - 15658. Is y a composite number?
False
Suppose 14*z - 8 = 10*z. Suppose 0 = 3*d + z*d - 3235. Is d composite?
False
Let a(z) = 7*z + 17. Let u be a(12). Suppose 0 = 3*n - 778 - u. Is n a prime number?
True
Suppose -5*u = 0, -2299 = -5*g + 3*u + 1011. Let h = 1111 - g. Is h composite?
False
Suppose -y + 5*n = -133, -5*n + 251 = 3*y - 188. Is y a prime number?
False
Let h(r) be the third derivative of r**6/40 + r**5/10 + r**4/4 - 8*r**3/3 + 27*r**2. Is h(7) prime?
False
Let s(j) = 2*j**2 + 7*j - 1. Let w be s(-5). Suppose 0 = -19*u + w*u + 1585. Is u composite?
False
Suppose 15 = 5*w - 0. Suppose -w*s + 4 = -s. Suppose -2*a + 380 = 2*f, -4*a - 185 = s*f - 947. Is a prime?
True
Let d = 1945 - 1214. Suppose -d - 480 = -b. Is b prime?
False
Suppose -l + 11015 = 2*i, -8245 = -l - 4*i + 2770. Is l prime?
False
Let j(f) = 2*f + 26. Let k be j(-18). Is 6/10 - 104/k prime?
True
Suppose -2*l + 426 - 3802 = -2*z, -4*l = -5*z + 8445. Is z a composite number?
False
Let g(j) = 215*j - 206. Is g(11) composite?
True
Is 4/22 + -27354*6/(-99) prime?
False
Let p(b) = 2*b**2 - b - 4. Let a be p(2). Is (104 + a)*15/6 prime?
False
Let x = 111 + 4928. Is x composite?
False
Let a(w) = 12*w**2 - 46*w + 71. Is a(33) prime?
True
Let x(h) = -18*h**2 + 4*h - 11. Let l(z) = -37*z**2 + 9*z - 23. Let s(j) = 2*l(j) - 5*x(j). Is s(-5) a composite number?
False
Let h = -1491 + 2578. Is h prime?
True
Let p(d) = 604*d + 11. Let g be p(5). Suppose 6*h = -841 + g. Suppose -f + h + 52 = 0. Is f a composite number?
True
Let d = 1863 - 1058. Suppose 5*y = 5*f - d, -4*f - y = -f - 467. Is f prime?
True
Suppose 3*c + 0*q = -5*q, -4*c = -4*q. Suppose 0 = 5*b - c*b + 7405. Let t = -970 - b. Is t composite?
True
Let x(l) = -808*l + 55. Is x(-3) prime?
False
Let f = 685 - 401. Let v = f - -555. Is v composite?
False
Let v = -39407 - -58096. Is v a prime number?
False
Let i = 27 + -25. Let o = i + 3. Suppose r = -4*w - r + 4, -o*r = 20. Is w composite?
False
Suppose 4*x - 11837 = -3*r, 5*r + 5899 = 19*x - 17*x. Is x prime?
True
Let a(w) = -58*w + 70. Is a(-18) prime?
False
Is (1 - (-21)/(-18)) + (-19771)/(-6) composite?
True
Let p be (-4)/(-6) - 1955/(-15). Is p - 1 - (-16 - -15) composite?
False
Let i(b) = 8*b + 3. Let k be i(3). Suppose 0 = 5*p - k - 528. Suppose -3*m + p = -0. Is m composite?
False
Let b(g) be the second derivative of -g**5/20 - 5*g**3/6 + 5*g**2/2 + 2*g. Suppose -3*a - 8 = -w + 10, -3*w = -a - 14. Is b(a) composite?
True
Let a(w) = 47*w**2 - 11*w - 21. Let m be a(14). Suppose -9*b + 6740 = -m. Is b prime?
True
Let q = -18 - -35. Suppose u = 162 + q. Is u a composite number?
False
Suppose -3*o + 880 = 2*s - 1367, -3*s + 2997 = 4*o. Let q = o + 154. Is q a composite nu